117)/(8/6))/((-1)/2) composite?
False
Suppose 17*p - 76*p + 10*p + 400771 = 0. Is p prime?
True
Is (-3394228)/6*90/24*(-14)/35 composite?
False
Let m(v) = 74*v + 10125. Is m(-86) prime?
True
Let p(m) = -3 + 52*m + 184*m - 33*m + 251*m. Is p(9) composite?
True
Let i(u) = 3268*u**3 + 7*u**2 - 6*u + 4. Let y(k) = -13072*k**3 - 30*k**2 + 25*k - 17. Let l(g) = 9*i(g) + 2*y(g). Is l(1) prime?
False
Suppose 0 = -46*o + 49*o - 1356. Suppose h + 245 = 2*v - 2*h, -4*h = 4*v - 440. Is 69/v + o/5 prime?
False
Let i be (6 - 4) + -12 - 2. Let r = i - -25. Suppose 1220 = r*t - 9*t. Is t prime?
False
Let u be -12 - (6 + -11) - -73. Is u/(-4)*-266 + 4 + 0 a prime number?
False
Let f = -2400 + 8102. Is f a prime number?
False
Suppose -826*p + 34113970 = -804*p. Is p composite?
True
Is -2 - 112/(-58) - (-1245833151)/4553 a prime number?
True
Let d(i) = -2*i**3 - 17*i**2 + 17*i + 17. Let v(u) = u**3 + 9*u**2 - 9*u - 9. Let z(a) = -3*d(a) - 5*v(a). Is z(11) a prime number?
False
Is 3 + 2 + (-24)/(-12) + 9612 composite?
False
Let f be 158/14 - (48/21 - 2). Let y(j) = j - 44. Let b(c) = 4*c - 220. Let w(v) = f*y(v) - 2*b(v). Is w(21) composite?
False
Suppose -2*l - 2 = -222. Let t be (-2)/11 - (-10470)/l. Suppose t = x + 21. Is x composite?
True
Let q(o) = -18679*o + 699. Is q(-4) composite?
True
Let s be (1/3)/(6 + (-1074)/180). Suppose -2*a = -s*o + 14*o - 5114, 4*o = 3*a - 7671. Is a composite?
False
Is -1237*2020/160*-8 a composite number?
True
Suppose 11*b = 17*b + 19566. Is (-2)/(-5 + (-16299)/b) composite?
False
Let b(g) = g**3 + g**2 + 11*g - 199. Is b(51) composite?
True
Let z = 439281 + -270100. Is z composite?
False
Let j(v) be the second derivative of v**6/360 - v**5/15 - v**4/12 + 11*v**3/6 - 14*v. Let u(g) be the second derivative of j(g). Is u(-10) prime?
False
Let d be (-3)/(1 - (-1 - -3)). Suppose 3*c = d*t - 20508, 4*t - 3*c - 22704 = 4643. Is t a prime number?
False
Let f(v) = 205*v - 49. Let q be f(25). Let a = 18 - 14. Suppose -1272 = a*i - q. Is i a prime number?
False
Suppose -5*q + 1 = -14. Suppose -p - 4167 = -q*n, 4*n - 2*n + 2*p = 2778. Let a = n + -670. Is a prime?
True
Suppose -2*q + 135180 = 13*q. Let k = q + -5923. Is k prime?
True
Suppose 5*a + i = 6, 3*a - a + 4*i + 12 = 0. Suppose -2*w + 5*m + 20 = -6*w, a*m + 8 = -5*w. Suppose w = 4*x - 936 - 404. Is x a composite number?
True
Suppose 20*b - 2437661 = 170799. Is b a composite number?
False
Is 2801458/(-11)*(1/(-3) - 8/48) a composite number?
True
Suppose -20*o - 200 = -12*o. Let z be (2 + (-1638)/4)*120/o. Suppose 3*b = 9*b - z. Is b a composite number?
True
Let n be -4 + 427 + 9/(-3). Let q(r) = 904*r - 5. Let o be q(2). Let d = o - n. Is d a composite number?
True
Let q(i) = -13*i**2 + 26*i - 6. Let n(l) = 13*l**2 - 25*l + 6. Let c(t) = 4*n(t) + 3*q(t). Is c(-7) a prime number?
True
Let y be 5/((-10)/66)*(-1)/3. Let u = 14 - y. Is (-5 - -2) + u/3 + 180 prime?
False
Let m = -481191 - -777742. Is m a composite number?
False
Let z(h) = 42033*h**3 + 3*h - 5. Is z(1) a prime number?
False
Let d = -144610 - -588575. Is d a composite number?
True
Suppose 22*l + 5*d - 32380 = 17*l, -l = -5*d - 6482. Suppose k - 2*b - 6483 = 0, 4*k - 5*k + 5*b = -l. Is k a prime number?
False
Let a be 1*(-2582)/2 + -3. Let v = a + 2238. Let p = v - 621. Is p a prime number?
False
Let i = 14 - 10. Let z = 312 + -308. Suppose -906 = -2*m + z*q, i*m + 0*m - 1773 = -5*q. Is m a prime number?
False
Suppose -3*v = -12, -v = y + 4*v - 24. Let i(w) = 56*w**3 - w**2 + w - 11. Is i(y) prime?
False
Let t = -42 + 24. Let m be ((-85)/(-20) - 5) + t/8. Is 4*(980/16 - m) prime?
True
Let d = 96177 + -41468. Is d prime?
True
Suppose 0 = 131*a - 14036197 + 3088376 - 19399770. Is a composite?
False
Let r(m) = 2799*m**2 - 25*m - 5. Is r(-1) composite?
False
Let n(l) = 2*l**2 + 17*l + 23. Suppose g + 14 = -g. Let j be n(g). Suppose -2*u = -5*q + 3163, 4 = j*u + 2. Is q a prime number?
False
Let a(i) = -4*i**2 + i + 689. Suppose 45*n = 14*n. Is a(n) composite?
True
Is (-16 + 1073595/(-76))/((-2)/8) composite?
False
Let h = 6007 + 15327. Is h a prime number?
False
Let b(o) = o**2 - 15*o + 10. Let l be b(8). Let n = 45 + l. Is n/(-5) + 38844/130 prime?
False
Let o(l) = l**3 - 3*l**2 + 7*l - 4. Let b be o(4). Suppose -3*x - 7*v = 83, -3*x + 4*x = -5*v - 41. Is 376 - (4/10)/(x/b) a prime number?
False
Let u be (-2)/5*(23 - 83). Let v = 22 - u. Is 297/2 + v/(-4) a prime number?
True
Let r be 3/((-24)/(-4))*-6. Is (-7)/r*(2930 - -19) composite?
True
Let w(h) be the first derivative of 7*h**3 - 5*h**2/2 + 5*h + 67. Is w(2) composite?
False
Let q(k) = k**2 + 20*k - 123. Let f be q(5). Suppose 5*d - 20039 = r, 0 = -0*d + f*d - 5*r - 8034. Is d a prime number?
True
Let q be 3*6/(-18) + 11154. Suppose -24*d = -3*j - 26*d + q, -j - d = -3717. Is j prime?
True
Let p = 78 + -73. Suppose 4*a = -m + 17510 - 2335, p*a - m = 18962. Is a prime?
True
Let u = 1410 + -127. Suppose -4*b - 2 - 6 = 0, 4*b = -4*m. Suppose 313 - u = -m*q. Is q composite?
True
Is (-3)/((-63)/2262543) + 858/1001 a prime number?
True
Let o(q) = -q**2 + 4*q + 33. Let h be o(-5). Let k(z) = -2358*z - 31. Is k(h) a composite number?
True
Suppose -168*n + 92698 + 292190 = 0. Let g(k) = -259*k - 4. Let c be g(6). Let z = n + c. Is z prime?
True
Let k(t) = -t**3 + 6*t**2 + 2*t - 8. Let m be k(6). Suppose -u - 2860 = m*h, -4*h = -2*u - 0*u + 2848. Let j = h - -1545. Is j prime?
False
Let h be 38/6 - (-4)/(-30)*-5. Suppose -h*z + 4 = -6*z. Suppose b - 10507 = -z*w, -5*w + 7717 + 5421 = -3*b. Is w composite?
True
Suppose 3*k - 213340 = -4*o - k, 5*o - 2*k = 266633. Is o prime?
False
Suppose 28*m - 37*m - 37458 = 0. Let r = m + 8363. Is r a composite number?
False
Let y = 158065 - 91428. Is y a prime number?
False
Let q(b) = 16*b + 6 + 63*b + 11 + 3. Let n be (15/10)/(3/4). Is q(n) composite?
True
Let x = -5351 - -7562. Suppose -5*f + x = r, -2*r + 383 + 52 = f. Is f a composite number?
False
Let w(b) = 6*b**3 + 5*b**2 + 41*b - 204. Let c(t) = -t**3 - t**2 - 8*t + 41. Let v(l) = 11*c(l) + 2*w(l). Is v(26) prime?
True
Suppose -56*v + 83*v + 2675627 = 56*v. Is v a prime number?
False
Is -1 + (3405 - 6*(-10)/20) composite?
False
Suppose -59*c + 58*c = -16795. Suppose -b + 4*i = 6*i - 4192, -4*b = -i - c. Is b prime?
False
Let d be (100/150)/(4/18). Suppose d*n + 17749 = -5*q + 10*q, 2*q = 3*n + 7096. Is q a composite number?
True
Let h(i) = -47521*i + 12. Let a be h(-4). Suppose 0 = 10*v + 7726 - a. Is v a prime number?
False
Let q = 274009 - 192482. Is q a composite number?
False
Let b = 214571 - -22938. Is b a composite number?
False
Is (-21)/(273/(-493168)) + 15 a prime number?
True
Suppose -6*s + 3*s + 291 = 0. Let u = -93 + s. Suppose -u*r - 4*g = -3*g - 8718, 3*r - 5*g = 6527. Is r composite?
False
Let g(o) = -o + 7. Let t be g(7). Suppose 4*k - 176 = -5*h, 5*h - 4*k = -t*h + 184. Is (-1229)/(-6) + -2 - (-6)/h a composite number?
True
Let l = 11179 - -3456. Suppose 5960 + l = 3*x. Is x composite?
True
Is (-160)/(-1840) - 1112757/(-69) composite?
False
Let r(p) = -47*p**3 + 62*p**2 - 19*p + 71. Is r(-25) composite?
True
Let d = 17 + -18. Let b(k) = -751*k**3 + k**2 + k. Is b(d) a composite number?
False
Suppose 0 = -8*m + 50 - 18. Suppose -4*k - f = -5*k + 10810, -21630 = -2*k + m*f. Is k composite?
True
Suppose 3*f = 4*p - f + 125904, 3*p - 4*f = -94427. Let o = -21800 - p. Is o a composite number?
False
Let u be (-5)/3*(-5616)/360. Let g be (-492)/(-4)*26/(-6). Is 1 - 30/u - 725495/g prime?
True
Let s(k) = 14*k**2 + 5*k + 8. Let v be s(-6). Suppose -4*c + 60409 = -5*o, 3*c = 2*o + 44823 + v. Is c composite?
False
Let x be (3/2)/((-138)/(-1196)). Suppose -7222 - 17959 = -x*v. Is v a prime number?
False
Let z(s) = -4*s**3 - s**2 + s - 5. Let x(h) = 5*h**3 - h + 5. Let r(t) = 3*x(t) + 4*z(t). Let j be r(7). Let d = j - -1052. Is d a composite number?
True
Suppose -103*u + 1003278 = -852679. Is u a composite number?
True
Suppose 10*q = 35203 + 34747. Let r = 11730 - q. Is r a prime number?
False
Let w(z) = -29 - z**3 + 11*z - 32 + 57 + 8*z**2 + 2*z**3. Let f be w(-6). Suppose 0 = f*o - 2*t - 322, 3*o + 2*t - 6*t - 483 = 0. Is o a prime number?
False
Suppose 3*l = 3*n - 41907, -15*l + 14*l = -2*n + 27933. Suppose 0 = -16*r + 12*r + n. Is r composite?
False
Let r be ((-181182)/(-